38*l**2 - 4*l + 2. Let n be v(1). Let s = 17 - n. What is the remainder when s is divided by c(-5)?
17
Let x(m) = -5*m + 3. Let z(p) = -11*p + 7. Let n(s) = -13*x(s) + 6*z(s). What is the remainder when 3 - (5/(-1))/1 is divided by n(-2)?
3
Suppose -59 = -7*d + 11. Let n be (8/(-6))/(2/54). What is the remainder when d is divided by 16/6*n/(-16)?
4
Let v = 456 - 220. Suppose -5*l + 2*z = -v, -2*l - 2*z = -3*z - 95. Calculate the remainder when l is divided by 16.
14
Let o(i) = -6*i + 9. Let q(p) = -3*p + 4. Let h(v) = -6*o(v) + 10*q(v). Let y = 3 - -5. What is the remainder when h(6) is divided by y?
6
Let b be 1/3 + 16/(-12). Let s(h) = -45*h + 1. Let k be s(b). Suppose -k = -5*a + 184. Calculate the remainder when a is divided by 24.
22
Suppose -15 = -q - 2*q. Suppose q*k = j + 131, 4*k = 7*k - 2*j - 80. What is the remainder when 51 is divided by k?
25
Let m(b) = b**3 + 34. Calculate the remainder when 61 - ((-16)/20 - (-147)/(-35)) is divided by m(0).
32
Calculate the remainder when (-19 - (0 + -4))*-5 is divided by 20.
15
Let m = -29 + 26. Let p be (6/(-15))/(m/(-15)). What is the remainder when p/(-8)*(-6 + 242) is divided by 15?
14
Let k be (-1)/(-4) - (-2)/(-8). Suppose k = 4*x - 2*x - 60. Suppose 12 - 45 = -3*h. Calculate the remainder when x is divided by h.
8
Suppose d + 4*r - 12 = 0, -36*d + 41*d - 132 = 4*r. Calculate the remainder when 260 is divided by d.
20
Suppose 4*j - r - 45 = 0, 3*r = 3*j + 2*r - 34. Let o(d) = d**3 - 12*d**2 + 12*d - 4. What is the remainder when 69 is divided by o(j)?
6
Let n be (3 - 4)*(6 - 13). Suppose h = n + 3. What is the remainder when (-2)/(-3) + (-110)/(-6) is divided by h?
9
Let s(j) = -11 + 19 + 4*j - 4 + j**2. Let t be s(-3). What is the remainder when (-8 - -7)*(-38)/t is divided by 20?
18
Let k(z) = -34*z + 111. Calculate the remainder when 162 is divided by k(2).
33
Let y = -19 + 79. Suppose -5*a = 4*i + i - y, -3*i - a + 26 = 0. Calculate the remainder when 16 is divided by i.
2
Let o = -27 - -39. Let r(f) = 0*f**2 + 12*f + 24 - 28*f - f**2. What is the remainder when o is divided by r(-17)?
5
Let h(d) = -68*d - 245. Calculate the remainder when 349 is divided by h(-4).
25
Suppose 18*w = 21*w - 480. What is the remainder when w is divided by 7?
6
Suppose -7488*j = -7504*j + 688. Calculate the remainder when (2/(-4))/((-1)/256) is divided by j.
42
Suppose 0 = -3*l - 2*a + 10, 20 = 4*l - 2*a - 12. Let g be -1 + 2 + 0 - 49. Let b = g - -71. What is the remainder when b is divided by l?
5
Suppose 3*q = 8 + 7. Suppose q*n = -0*n + 115. Calculate the remainder when n is divided by 1/(3/14*(-21)/(-18)).
3
Suppose 0 = -4*p + 5 - 29. What is the remainder when (3/p*-718)/1 is divided by 60?
59
Let b(o) = -20*o**3 - o**2 - 3*o - 2. Let s be b(-1). What is the remainder when (0 - -30)*((-8)/s - -1) is divided by 7?
4
Suppose 2*x - 12 = 4*p - p, 4*x + 5*p = 24. Suppose r + 5*z - 38 = 0, x*r - 3*r - 4*z - 38 = 0. What is the remainder when 53 is divided by r?
17
Let g = 10 - 10. Suppose g = 2*s - 71 - 175. Let b = -43 + s. What is the remainder when b is divided by 21?
17
What is the remainder when -6 + -1*(-441 + -8) is divided by 113?
104
Let x(z) be the second derivative of -z**4/12 + 3*z**3/2 - 9*z**2/2 - 10*z. Calculate the remainder when 7 is divided by x(7).
2
Let x(b) = 2*b - 3. Let k(m) = -m + 2. Let h be k(-8). Let a be x(h). Let w = 52 - a. Calculate the remainder when w is divided by 18.
17
Suppose 5*a - 15 = 55. Let i(v) = 29*v + 679. What is the remainder when i(-22) is divided by a?
13
Let g(c) = -c**2 + 53*c + 396. What is the remainder when 113 is divided by g(-6)?
29
Let r(j) = 21*j - 89. What is the remainder when r(6) is divided by 14?
9
Calculate the remainder when 55 is divided by (-72)/15*-5*7/14.
7
Let d = 8 - 5. Suppose 4*c - 106 = d*z, -z = z - 4. What is the remainder when 82 is divided by c?
26
Suppose 69 - 95 = p. What is the remainder when 48 is divided by (p/8)/((-7)/28)?
9
Suppose 0 = 11*z - 355 - 96. Calculate the remainder when z is divided by 5.
1
Let a = 1063 + -1059. Let r be 2/20*4*5. Suppose r*j - 16 = -2*v, -2 - 18 = 4*v. Calculate the remainder when j is divided by a.
1
Let z = 54 - 29. Suppose 3*c + v = c + 11, -4*c + z = -v. Calculate the remainder when c is divided by 2.
0
Let k = -327 + 328. Let d(g) = -g**2 + 7*g + 10. What is the remainder when d(8) is divided by k?
0
Let p = 50 - 49. Let u = p - -30. What is the remainder when 91 is divided by u?
29
Suppose 2*n - 316 = 2*b, 4*b - 82 = -5*n + 744. Let j = 95 - 62. Calculate the remainder when n is divided by j.
30
Calculate the remainder when 151 is divided by 103/2 + 19/38.
47
Suppose -2*c - 32 = 3*f - 300, 0 = -c + 4*f + 112. Let l = 33 + c. Suppose l = 5*m + 2*m. What is the remainder when m is divided by 5?
3
Let u(x) = 2*x**3 - 12*x**2 - 6*x + 7. Let f be u(9). Suppose -5*a = -f + 99. Calculate the remainder when a is divided by 35.
33
What is the remainder when 44 is divided by ((-16)/(-30)*-9)/((-3)/15)?
20
Suppose -6 = 2*g, 5*j = -2*g + 17 + 57. Calculate the remainder when 4/(-8) + 89/2 is divided by j.
12
What is the remainder when 333 is divided by 25*5 - 801/89?
101
Suppose -3*s + 15 = -0*q - q, -2*q - 4*s = 50. Let a = q - -22. What is the remainder when 3 is divided by a?
0
Suppose -3*j + 22 = -j. Suppose 2*z - 5*v = -0 - j, -4*z + 2 = -2*v. Let x = -8 + 12. Calculate the remainder when x is divided by z.
0
Let y(i) = 7*i**2 + 2*i - 1. Suppose 0*j - 1 = k - 2*j, 2*k + 3 = 5*j. Let r be y(k). Suppose 5*q = 7 + r. What is the remainder when 10 is divided by q?
1
Suppose 15 = -v + 56. Calculate the remainder when v is divided by 12.
5
Let k(h) = 4*h**2 + 19*h + 17. Suppose 5*u + 9 = 24. Suppose u*d - 100 = -d. What is the remainder when k(-6) is divided by d?
22
Let l(o) = 2*o + 9. Let s be l(-4). Let x(r) = 8*r - 5*r - 2*r - s. What is the remainder when x(17) is divided by 6?
4
Let m(p) = -12*p - 16. Let q be m(-7). Let s be ((-5)/(-4))/((-17)/q). Let z = s - -19. What is the remainder when z is divided by 4?
2
Let z(r) = 31*r - 364. Calculate the remainder when z(17) is divided by 57.
49
Let m(t) = 22*t - 9. Let w = 66 - 64. Calculate the remainder when 138 is divided by m(w).
33
Suppose 147 - 699 = 6*d. Let v = -66 - d. Calculate the remainder when v is divided by 7.
5
Let j be (-7)/(-2) - 15/10. Calculate the remainder when 73 is divided by ((-5)/(15/(-114)))/j.
16
Suppose -5*h = 4*b - 76 + 9, -2*b - h + 35 = 0. Let i = 29 - -109. Calculate the remainder when 1/((-2 + 4)/i) is divided by b.
15
Let w(d) = -18*d. Suppose s = -2*r + 129, -4*r - 15*s + 248 = -11*s. Calculate the remainder when r is divided by w(-1).
13
Suppose 443 = -5*y - 2*z, -2*y + z + 88 = -3*y. Let q = y - -92. What is the remainder when q is divided by 2?
1
Let d be (12/5)/(26/(-65)). Let w(k) = -k**3 - 3*k**2 + 15*k - 4. What is the remainder when 25 is divided by w(d)?
11
Let i(m) = 44*m**2 - 9*m + 10. What is the remainder when i(1) is divided by 19?
7
Suppose 3*v + 3*y = -0*v + 213, -5*v = y - 359. Suppose 2*h + 2*w - 24 = 0, -2*h - 6*w + 18 = -2*w. Calculate the remainder when v is divided by h.
12
Let u(t) = 2*t**2 - 10*t + 7. Let g be u(7). Let s = 65 - g. Calculate the remainder when s is divided by 17 + 3*(-12 + (-54)/(-6)).
6
Let f(n) = -7*n - 4. Let w be 26/6 - (-3)/(-9). Suppose 0 = -w*c - 0*c + 5*b + 143, 4*c - 2*b - 146 = 0. What is the remainder when c is divided by f(-2)?
7
Let o(g) = -9*g - 122. What is the remainder when 40 is divided by o(-16)?
18
Let p be ((-129)/(-2))/((-12)/(-32)). Suppose -6*l = -50 - p. Calculate the remainder when l is divided by (-10)/3*-3*1.
7
Suppose 18*k - 6*k = 156. Calculate the remainder when 34 is divided by k.
8
Let j(n) = 12*n**3 - 3*n**2 + 3*n + 1. Let w = -9 + 11. What is the remainder when j(w) is divided by 24?
19
Suppose -4*y = 3*o - 22, 3*y + 3*o - 8 = y. Let b = 31 - 34. What is the remainder when y is divided by (-2)/b*3*1 - 0?
1
Suppose 0 = 9*p - 25 - 2. Suppose p + 5 = -4*l, -2*v - 2*l + 114 = 0. Calculate the remainder when v is divided by 21.
17
Let v(c) be the first derivative of -c**2 - 4*c - 3. Let a be v(3). Let d = 53 + a. Calculate the remainder when d is divided by 11.
10
Suppose 6*h - q = h + 20, -2*h - 4*q + 8 = 0. Suppose 7 = 3*a - l, -3*a = -l 